se -9 = 4*f + b*g - 29, f - 4 = -g. What is the highest common factor of 12 and f?
6
Suppose 25 = 4*a + a. Suppose 269 = -0*n + 3*n - a*p, 3*n - 4*p - 271 = 0. Suppose -54 = -3*j + n. What is the greatest common factor of 7 and j?
7
Let t(s) be the third derivative of s**5/60 + s**4/12 - 7*s**3/6 + s**2. Let b be t(5). What is the highest common divisor of b and 7?
7
Suppose 4*i - 3*i - 104 = 0. Suppose -563 + 511 = -4*q. Calculate the highest common factor of q and i.
13
Suppose -2*q + 300 = 3*v + 3*q, -5*v = 3*q - 500. What is the highest common divisor of v and 20?
20
Let b = 74 - 47. Calculate the highest common factor of 18 and b.
9
Let d be 17 - 14 - 3*-3. What is the highest common divisor of d and 84?
12
Suppose 0 = -4*u + 12 - 0. Let i be ((-81)/12)/(u/(-8)). What is the greatest common divisor of 9 and i?
9
Let p = -8 - -12. Calculate the highest common factor of p and 1.
1
Suppose -2*j + j + 11 = -2*h, -2*j = 5*h - 13. Calculate the highest common factor of j and 45.
9
Let p(s) = 2*s - 4. Let t be p(3). Suppose 4 - 2 = -t*g, k = 5*g + 39. Calculate the highest common factor of 17 and k.
17
Let p be 14 + ((-3)/3 - 0). Suppose -69 = -f + 4*y, 5*f - 360 + 36 = -y. What is the highest common factor of f and p?
13
Let s be 10 - (-1 - (-16)/4). Calculate the highest common divisor of s and 105.
7
Let o = 9 + -5. Suppose -o*m + 21 - 9 = 0. Calculate the greatest common divisor of 24 and m.
3
Let v be 32 - 7/((-28)/16). What is the greatest common factor of v and 4?
4
Suppose -3*n - 2*w - 4 = -0*n, 5*w = -5*n - 15. Suppose 0 = -n*r + 4*r - 2*c - 36, 4*r - 100 = -3*c. What is the greatest common factor of 198 and r?
22
Let i be 976/14 - (-4)/14. Let o = 160 - i. Calculate the greatest common divisor of o and 10.
10
Let b = 395 + -626. Let i = -159 - b. Calculate the greatest common divisor of i and 8.
8
Let l = 12 - -36. What is the highest common factor of l and 6?
6
Let q(s) = 6*s. Let m be q(6). Suppose -4*b + m = -44. Calculate the greatest common factor of 180 and b.
20
Suppose 0 = -2*j - 4*s - 12, 2*j - 3*s - 9 = -3*j. Suppose -386 = -3*k + 5*a - 67, j = 5*k - 3*a - 537. What is the greatest common factor of 12 and k?
12
Suppose 5*n + o + 30 = -o, -2*n - o - 11 = 0. Let x(y) = -y**2 - 7*y + 10. Let f be x(n). Calculate the greatest common factor of f and 6.
2
Suppose -3*z + s = -2, -3*s + s + 8 = 0. Let c = 9 + z. Calculate the highest common divisor of c and 44.
11
Let i be (-3)/((45/(-6))/5). Suppose i*s + 374 = 3*s. Suppose p - s = -p. Calculate the highest common factor of 17 and p.
17
Suppose -106 = -4*r + 3*n + 5, 29 = r - n. Let m be (11/1)/((-1)/(-114)). Let c be m/21 + (-4)/(-14). Calculate the highest common factor of c and r.
12
Let p be (-3 - -2)*(-1 - 1). Let t be 8 + (-4)/(4 - p). Suppose -3*d + 4*s + 228 = 26, 0 = -3*d - 2*s + 196. What is the greatest common factor of t and d?
6
Let o(a) = -a**3 - a**2 + 1. Let k be o(-2). Suppose 5*u + 111 = 336. Calculate the greatest common factor of k and u.
5
Let q = -14 - -51. Let w = q + -19. Suppose 3*o + 90 = 4*o. Calculate the highest common factor of w and o.
18
Suppose 0 = -10*f + 2 + 38. Suppose -x + 28 = 5*k - 28, 0 = -5*x - k + 184. Calculate the greatest common factor of f and x.
4
Let k(g) = g + 1. Let w be k(-8). Let z(j) = j**2 + 8*j + 9. Let t be z(w). Calculate the highest common divisor of t and 22.
2
Suppose 3*p - 2*s - 2*s = 94, 3*p - 5*s - 89 = 0. What is the greatest common divisor of p and 19?
19
Let x(o) = -2 + o**2 - 1 - 4*o + 11. Let j be x(8). Calculate the greatest common factor of 10 and j.
10
Let y be 1/2*(-10)/(-1). Suppose -3*l - 3*c = -75, y*l - c - 165 = 2*c. What is the highest common divisor of 12 and l?
6
Let g = -187 + 127. Let m = g + 90. Let a be 12 + -1*(0 + 2). What is the greatest common factor of m and a?
10
Let a(m) = -m + 5. Let f be a(3). What is the highest common divisor of f and 7?
1
Let i(q) = -2*q**2 - 9*q + 12. Let o(l) = -l**2 - 4*l + 6. Let z(y) = 3*i(y) - 5*o(y). Let w be z(-7). What is the greatest common factor of 18 and w?
6
Suppose 8*l - 14 - 626 = 0. What is the highest common divisor of 120 and l?
40
Suppose 0 = -o + 2*o - 3*x - 105, -3*o = 3*x - 255. Calculate the greatest common divisor of o and 10.
10
Suppose 2*u + u + 84 = 0. Suppose 0 = 5*l - 2 - 3. Let q be l/(-3) + u/(-12). What is the greatest common factor of 10 and q?
2
Let o(s) = -2*s - 4. Let u be o(-3). Suppose -3*i = -r + 7, 5*i - 1 = r + u. Calculate the highest common factor of r and 110.
22
Let z be (9/(-6))/((-2)/(-4)). Let o = 3 - z. Calculate the highest common divisor of o and 12.
6
Let q(i) = 2*i + 8. Let j be q(0). Calculate the greatest common factor of 2 and j.
2
Let k = -6 - -7. Let r be (34/8)/(k/4). What is the highest common divisor of r and 153?
17
Let m(q) = -q**3 - 5*q**2 - 3*q + 3. Let n be m(-3). Let j be ((-3)/n)/((-1)/(-10)). What is the greatest common divisor of 5 and j?
5
Suppose 4*h = 55 + 1. Let u = h + -6. What is the greatest common factor of u and 4?
4
Suppose -218 - 22 = -4*o. Calculate the greatest common divisor of 30 and o.
30
Let k(g) = -g**2 - 15*g - 11. Let v = -2 - -10. Suppose x + 0*x + v = 0. Let z be k(x). What is the greatest common divisor of z and 9?
9
Suppose -3*w + 15 = -0*w. Suppose -w*n + s = -14, -n + s - 2*s + 4 = 0. Calculate the highest common divisor of 24 and n.
3
Suppose l + 0*l = -2*g - 5, -5*l + 25 = 0. Let h(a) = a**3 - 10*a**2 + 8*a + 11. Let w be h(9). Let z = w - g. Calculate the greatest common factor of z and 56.
7
Suppose -o + 12 = 2*p - 5*p, -1 = p. Suppose -d = 2*t + o, -3*t - 4*d = 2 + 14. Let l be (t*1 - -1) + 10. Calculate the highest common factor of 35 and l.
7
Let s(d) = -d**3 + 3*d**2 + 4*d + 8. Let p be s(4). Let b be 26/3 + 2/(-3). What is the highest common divisor of p and b?
8
Suppose -3*i = -0 - 3. Let f = 5 + i. Calculate the greatest common divisor of f and 6.
6
Let y be 0/3 - (0 + -35). Let k be (28/y)/(2/25). Calculate the highest common factor of 15 and k.
5
Let p = 3 + -1. Let d be p/6 + (-472)/(-24). Calculate the highest common divisor of 10 and d.
10
Let q be 328/18 + (-8)/36. Calculate the greatest common factor of q and 9.
9
Let j(y) = -13*y**3 - y**2 + 3*y + 3. Let m be j(-1). What is the greatest common factor of 3 and m?
3
Let r = -1 - -6. Suppose -5*a - 5*y = -75, r*a - 45 = -y + 2*y. Let p be ((-25)/(-4))/((-1)/(-8)). Calculate the greatest common factor of p and a.
10
Suppose 2*n - 4*x - 90 = 0, -7*n + 3*n = -3*x - 160. Calculate the highest common divisor of n and 37.
37
Suppose 0*k + k = 3. Suppose 98 = o + 2*o + 2*l, -15 = k*l. What is the highest common divisor of 12 and o?
12
Suppose 44 + 66 = 5*u. What is the greatest common factor of 44 and u?
22
Let c be 115/25 - 4/(-10). Suppose 3*x + 3*l = -24, 4*x - 4*l = 3*x + 17. Let p = x + c. What is the greatest common factor of p and 3?
1
Suppose -h - 7 = -17. Let q be 2 + (0 + 0)*-1. What is the greatest common factor of q and h?
2
Suppose -u + 57 = 4*v - 39, 2*u = -3*v + 182. Let r(x) = -x**2 + 8*x - 4. Let m be r(5). What is the highest common factor of u and m?
11
Let m(f) = -2*f**2 + 4. Let y be m(-5). Let d = -82 + y. Let c = -11 - d. Calculate the greatest common factor of 13 and c.
13
Let a(j) = -j**3 + j**2 + 9. Let m be a(0). Let n be (1 + 23)*(4 - 1). Calculate the greatest common divisor of n and m.
9
Let a = -39 + 58. Let d = a + -13. Suppose 2*z + r - 21 = -2*z, -z + 2*r - d = 0. What is the highest common factor of 44 and z?
4
Let v be (-4)/18 - 58/(-18). Let h be (-16)/((-1)/v*1). Let d(o) = o**2 + 2*o + 3. Let r be d(-3). What is the highest common divisor of h and r?
6
Let j be (-1 - (3 - 7)) + -3. Suppose j*y = 5*y - 350. Let g be (-2)/(-9) + 250/9. What is the greatest common divisor of g and y?
14
Suppose -i + 3*i + 12 = 0. Let n be 3/(-2)*40/i. Suppose 0 = -4*h - 4*j + 72, -4*j - 30 = -4*h + n. Calculate the highest common factor of 14 and h.
14
Let f = -109 - -189. What is the highest common factor of f and 16?
16
Let a = 58 + -22. What is the highest common factor of a and 108?
36
Suppose 4*r + r - 530 = 0. Let b = r + -7. Calculate the greatest common factor of 9 and b.
9
Suppose -5*f = -0*f - 25. Suppose f*h - 4*g = 0, 4*g - 7 = -h + 17. Suppose -h*x = x - 175. Calculate the highest 